der when q is divided by 9?
8
Calculate the remainder when ((186816/36)/(-28))/(2/(-3)) is divided by 70.
68
What is the remainder when (6 + -1)/(-15) - (-193)/3 is divided by 19?
7
Let y(q) = -2*q**3. Suppose x + 9 = 6. Let r be y(x). Let w = -17 + r. Calculate the remainder when w is divided by 13.
11
Suppose y + 2*a - 2 = 0, 4*y = -2*a - 2*a + 16. Let v(b) = b**2 - 7*b + 8. Let d be v(y). Let r = d + 5. What is the remainder when 12 is divided by r?
5
What is the remainder when (0 - -3)/(1 + (-152)/158) is divided by 10?
9
Let m = -3937 - -3982. Suppose 4*c = 5*v + 69, 0 = 2*v + 3 - 1. What is the remainder when m is divided by c?
13
Suppose 4*f - 70 - 34 = 0. Suppose u + f = 5*v, -v - 13 = -4*v - 2*u. Calculate the remainder when 6 is divided by v.
1
Let g = 43 - 31. Let z be -36*15/(-18)*2. Suppose -5*w + 5*u + 8 = -4*w, -3*w + 3*u = -z. What is the remainder when w is divided by g?
11
Let p be (-75)/(-10)*12/10. Let h be 30/p*(-3)/(-2). Suppose -4*w = 3*q - 66, -17 = -2*w + h*q + 29. What is the remainder when 51 is divided by w?
15
Let n = -1205 - -1268. Calculate the remainder when n is divided by 8.
7
Let y = -3 + 0. Let u(v) = -v**3 - v**2 + 4*v - 1. Let s(w) = -w**3 + 11*w**2 + 8*w - 69. What is the remainder when s(11) is divided by u(y)?
4
Calculate the remainder when (-2)/((-5)/((-105)/(-2))) is divided by 4*(-1)/(-18) - 2332/(-198).
9
Let b(r) = r**3 - 9*r**2 + 7*r + 5. Let x be b(8). Let j = -17 + 25. What is the remainder when ((-2)/x)/(16/504) is divided by j?
5
Suppose 4*m - 3*i - 19 = -8, -2*m = i - 13. Calculate the remainder when 39 is divided by m.
4
Calculate the remainder when 49 is divided by (77/(-35))/(1/(-10)).
5
Let d be 3/(3/8) + -4. Suppose -3*w + 6*w - 7 = d*g, 0 = w - 5. Suppose -5*i = b - g*b + 75, -b + 30 = 4*i. What is the remainder when b is divided by 13?
11
Let b(o) = o + 12. Let l(z) = -2*z - 25. Let n = 11 + -9. Let r(k) = n*l(k) + 5*b(k). Calculate the remainder when 28 is divided by r(0).
8
Suppose 0 = 64*w - 21678 - 13650. What is the remainder when w is divided by 16?
8
Suppose 2*a - 15 = 5*k, -4*k + 26 = 3*a - 31. Suppose 5*d = r - 24, 2*r + 0*r - 4*d = 72. Calculate the remainder when r is divided by a.
14
Calculate the remainder when 111 is divided by 35/(-350) + (-541)/(-10).
3
Let i(z) = 2*z**2 - 5. Let k(v) = -2*v - 33. Let g be k(-18). Suppose -y + 4 = -3*t, -4*t = -7*t + g. Calculate the remainder when i(-4) is divided by y.
6
Let b(m) = 47*m - 1. Let f be b(1). Suppose 10 = -2*q + f. Calculate the remainder when 12/(-54) + 562/q is divided by 16.
15
Suppose -3*p - 2*g - 3*g = -502, 5*p - 818 = g. Suppose -p = -3*f - f. What is the remainder when f is divided by 14?
13
Let c = 1 + 0. Suppose s + 3*z - 12 = -3, -4*s + 81 = -3*z. What is the remainder when s is divided by 8 + 0 + 1 + c?
8
Let v(r) = r - 6. Let x be v(-5). Let j = x - -21. Let c(i) = 8*i**2 + 5*i + 6. Calculate the remainder when c(-2) is divided by j.
8
Suppose 4*q + 3*i = -2*i + 63, 4*i + 36 = 4*q. What is the remainder when 12 is divided by q?
0
Suppose -2*q = 2*a + q + 1, -a = q - 1. Let m(g) = 3*g. Suppose 2*o + u = 13, 0 = -3*o + 2*u + 16 - 7. What is the remainder when m(o) is divided by a?
3
Calculate the remainder when 55 is divided by 44/154*42/1.
7
Suppose 71*u = 78*u - 196. Calculate the remainder when u is divided by 16.
12
Let s be 10/50 + 2 + (-11)/5. Let t(v) = -v + 43. Calculate the remainder when 83 is divided by t(s).
40
Let y = 3 - -18. What is the remainder when 4 - -3 - (-9 - 65) is divided by y?
18
Let n(y) = -y**3 + 6*y**2 + 3*y - 5. Suppose 3*k = -3*h + 35 + 34, 0 = 2*k + 4*h - 50. What is the remainder when k is divided by n(6)?
8
Let a = -13737 - -13771. Suppose 249 = 4*c - 143. Calculate the remainder when c is divided by a.
30
Let y(u) = u + 19. What is the remainder when 392 is divided by y(3)?
18
What is the remainder when 308 is divided by ((-395)/30)/(5/(-30))?
71
Let z = 118 - 93. Calculate the remainder when 197 is divided by z.
22
Let z = -38 - -319. Calculate the remainder when z is divided by 91.
8
Let z(p) = -2*p**2 - 45*p + 17. Let a be z(-19). Suppose -4*d - 3 + 123 = 5*s, a = 5*d - s. Let h = -200 + 289. Calculate the remainder when h is divided by d.
29
Suppose -91 + 39 = -4*q. What is the remainder when 28 is divided by q?
2
Let v(t) = 2*t - 11. Suppose 3*m - 8 = 7. What is the remainder when v(15) is divided by m?
4
Let x(q) = 3*q - 84. What is the remainder when 32 is divided by x(32)?
8
Let x(v) = 20*v**2 - v - 1. Let g = -27 - -29. Suppose 0 = -m - g*o + 6, 0*o - 20 = 4*o. What is the remainder when x(2) is divided by m?
13
Let i(z) = 11*z + 3. Let u(h) = -4*h + 9. Let f be u(-11). Let d = 68 - f. Calculate the remainder when i(5) is divided by d.
13
Let w = -4 - -5. Suppose -51 = -x + 5*b, 2*b + 42 = 2*x + 4*b. Suppose -2*q = -5*h - x, 5*q - 3 + 0 = -3*h. What is the remainder when q is divided by w?
0
Suppose 0*c + c = -4. Let p(l) = -2*l - 8. Let i be p(c). Suppose 0 = -i*o + o - 4. Calculate the remainder when 5 is divided by o.
1
Let x be -8*2/(-4) - -4. Suppose 7*z = x*z - 183. Calculate the remainder when z is divided by 46.
45
Suppose 8 = -n + 12. Suppose 0 = -2*c - s - 52 + 187, -200 = -3*c - n*s. What is the remainder when c is divided by 35?
33
Let g(v) = v**2 + 3*v + 4. Let i(s) = 4*s**3 + 5*s + 9. Let f(x) = x**3 + x. Let c(z) = -3*f(z) + i(z). What is the remainder when c(0) is divided by g(-3)?
1
Let p be 1/(12/(-112))*3. Let t = 41 + p. What is the remainder when 49 is divided by t?
10
Suppose 5*a - 190 = -4*v + 615, 5*v - a = 999. Calculate the remainder when v is divided by 64.
8
Let z = 53 + -36. Let d = -6 + 11. Suppose -5 + 0 = x, -p - d*x = -40. What is the remainder when p is divided by z?
14
Let w(n) = 16*n - 1311. Calculate the remainder when w(84) is divided by 14.
5
Let d(g) = g**2 + 29*g - 155. Calculate the remainder when d(-36) is divided by 10.
7
Let y(c) = -5*c - 2. Let x be y(-3). Let q = -7 + x. Let h = 17 - q. Calculate the remainder when h is divided by 6.
5
Let f(o) = 2*o**3 - o**2 - 2*o + 11. Let u be f(0). Suppose -6*b + u = -145. What is the remainder when b is divided by 15?
11
What is the remainder when 93 is divided by (10 - (-60)/(-10)) + 84/3?
29
Suppose 4*y - 3 - 21 = 0. Let i(r) = 3*r - 5. What is the remainder when i(y) is divided by 5?
3
Calculate the remainder when 52 is divided by 64/(-6)*(-162)/216.
4
Let u = 7 - 4. Suppose -39 = -4*g - 3*a, 0 = a + u*a - 20. Let y(b) = b**3 - 4*b**2 - 10*b + 9. What is the remainder when y(6) is divided by g?
3
Let v = -572 + 630. What is the remainder when 750 is divided by v?
54
Let o(v) = v**2 - 25*v - 305. What is the remainder when 132 is divided by o(-10)?
42
Let k(d) = -d**3 + 7*d**2 + 5*d + 42. What is the remainder when 183 is divided by k(8)?
3
Let y = 31 + 35. Calculate the remainder when y is divided by 17.
15
Let o = -56 + 58. Calculate the remainder when o/(-11) - (-1385)/55 is divided by 15.
10
Let y(l) = -l**3 - 14*l**2 - 11*l + 2. Let s be y(-13). What is the remainder when 20 is divided by (-4)/s + 325/30?
9
Let b(w) = -13*w**3 + w**2 - 2. Let g be b(-1). Suppose 0 = -g*m + 7*m + 770. Calculate the remainder when m is divided by 26.
24
Let z = -25 - -66. Let q = -6 + 21. Calculate the remainder when z is divided by q.
11
Let g(m) = -1 - 6 + 3*m + 12. Let b(s) = s**3 + 11*s**2 + 8*s - 3. Calculate the remainder when g(15) is divided by b(-10).
16
Suppose 100*s = 2058 + 10742. What is the remainder when 253 is divided by s?
125
Suppose -4*y = -6*y + 50. Suppose -280 - 205 = -5*k. Calculate the remainder when k is divided by y.
22
Suppose -18 = -3*r - 0*r. Calculate the remainder when (-1 - (-9)/r)*34 is divided by 9.
8
Suppose 0 = -8*t + 3*t + 60. Suppose 0 = 4*u - q - 27, -3*u + q = -q - 24. Suppose 2*k - 4*l - 80 = 0, l + u = -l. What is the remainder when k is divided by t?
10
Let k = 727 + -697. Let v(o) = o + 8. Calculate the remainder when k is divided by v(0).
6
Let a(x) = 85*x - 164. What is the remainder when a(5) is divided by 75?
36
What is the remainder when 73 is divided by (-8 - (-253)/69)/(2/(-6))?
8
Calculate the remainder when 90/(-5)*986/(-51) is divided by 21.
12
Let r(b) = -b**3 + 8*b**2 + 8*b + 13. Let w(j) = 3*j**3 - 23*j**2 - 25*j - 40. Let z(f) = -11